is the tens digit of v?
0
Let f(o) = 62*o**2 + 4*o + 1763. What is the thousands digit of f(0)?
1
Let d(r) be the first derivative of r**3 + 16 + 2*r + 5/2*r**2. What is the hundreds digit of d(-7)?
1
Let h(c) = 126*c - 879. What is the hundreds digit of h(27)?
5
What is the tens digit of 6/(-15) - -1 - (-18599)/105*123?
8
Let j(i) = i**3 - 56*i**2 - 407*i + 301. What is the hundreds digit of j(67)?
4
What is the thousands digit of (5 - (-42006)/6) + (-2)/1?
7
Let n(u) = 4*u**3 + u**2 + u - 1. Let r be n(1). Suppose 3*j + 5*v - 347 = 0, r*j + 4*v = 382 + 192. Suppose 31*y - 30*y = j. What is the tens digit of y?
1
Let t = 24126 - 2525. What is the units digit of t?
1
Suppose 0 = -5*a + 19 + 176. Let h(v) = 42 + v + 16*v**3 + a - 17*v**3. What is the units digit of h(0)?
1
Let g(w) = 244*w + 10. Let a be g(-6). Let u = a - -2205. What is the units digit of u?
1
Suppose 1007 = -8*j + 191. Let x = -269 - j. Let g = -108 - x. What is the units digit of g?
9
Let g = -346 - -380. Suppose g*f = 42*f - 4872. What is the hundreds digit of f?
6
Let o(k) = -259*k**3 - k**2 + k + 2. Let m be o(-1). Suppose 0 = -25*v + m + 9966. What is the hundreds digit of v?
4
Let r(k) = 2*k**2 + 3*k + 3. Suppose 142*m = 147*m + 10. Let v be r(m). Suppose -4*o - f + 958 = 0, -v*o + 1185 = -f - 4*f. What is the units digit of o?
9
Let m = 26564 + -18747. What is the hundreds digit of m?
8
Let v(c) = 13*c**2 + 4*c - 5. Let k be v(4). Let b(w) = -61*w - 6. Let m be b(2). Let i = m + k. What is the tens digit of i?
9
Suppose -24 = 4*b, 7*k - 10*k = -4*b - 65199. What is the thousands digit of k?
1
Suppose -18 = 10*u - 13*u. Suppose 0 = -2*f - 4*w + 964, u*f - 10*f - 5*w + 1943 = 0. What is the units digit of f?
2
Suppose 58903 = -67*w + 302917. What is the hundreds digit of w?
6
Let u(y) be the first derivative of 4*y**3/3 - y**2 - 8*y + 58. Suppose 5*j + 13 = -12. What is the hundreds digit of u(j)?
1
Let r be 16 - 986 - (-4)/2. Let x = r + 2307. What is the units digit of x?
9
Let q(d) = d**2 + 10*d - 27. Let g(f) = 4*f + 16. Let j be g(-7). Let s be q(j). What is the tens digit of 368/(-24)*s/2?
2
Let p(q) = q**3 - 5*q**2 - 13*q - 18. Let d be p(7). What is the tens digit of (d/3 - -3) + (-4632)/(-9)?
1
Let f be 6/30 - 2/5*-62. Let v = f - 45. What is the units digit of (-1246)/(-8) - 5/v?
6
Let z(u) = 53*u**2 + 5*u - 1. Let p be z(-2). Suppose 200*c = p*c - 532. What is the tens digit of c?
3
Let y = 5500 + 13089. What is the hundreds digit of y?
5
Suppose 0 = -6*o + 7355 + 631. Suppose -3*s + 1070 = 4*q + 2*s, -3*s = 5*q - o. What is the tens digit of q?
6
Let q(k) = k**2 + 9*k - 14. Suppose -4*i - 5*i + 81 = 0. Let a be q(i). Let n = -39 + a. What is the units digit of n?
9
Suppose 2*i - 632 = -2*s, -3*i = -5*s + 367 - 1355. Let f = -152 + i. What is the hundreds digit of f?
1
Suppose 9*f - 4*f = -4*p + 35, 4*f + 2*p = 22. Let b be (50/f)/((-4)/(-6)). What is the units digit of 1/3*b + (-7)/21?
8
Suppose -653*v + 312940 = -649*v. What is the ten thousands digit of v?
7
Let y(s) = 4630*s**2 + 196*s + 573. What is the units digit of y(-3)?
5
Suppose 0 = -65*n - 19*n + 494760. What is the hundreds digit of n?
8
Suppose -22*c - 120 = 28*c - 53*c. What is the units digit of c?
0
Let l = -8106 - -13692. What is the tens digit of l?
8
Let r be 2*195/8*(2 - -10). Let o = r - 257. What is the tens digit of o?
2
Let d(r) = -8 + 1 + 28 - 5*r + 12. Let y be d(-9). Let j = y + -34. What is the units digit of j?
4
Let y(h) = 28*h - 9. Let q be (3 + -9)*2/(-6)*1. Let a be y(q). Let t = a + -25. What is the tens digit of t?
2
Let z be (21 + -16)/((-3)/(-72)). What is the tens digit of (5/(350/z))/((-1)/(-14))?
2
Suppose -14 - 2 = -4*j, 3*m = -3*j + 12. Suppose -6*o + 904 + 1406 = m. Suppose 5*t + o = 5*v, -5*t + 28 - 8 = 0. What is the tens digit of v?
8
Suppose -214380 = 5647*m - 5652*m. What is the thousands digit of m?
2
Let m = 2140 + -1528. Suppose 0 = -4*j + 3*t + 837, 0*j - 3*j - 3*t + m = 0. Let s = j - 137. What is the units digit of s?
0
Suppose 2*c = 3*h - 1070, 4*h + 5*c - 370 - 1095 = 0. Suppose -17*t + h = -2*t. What is the tens digit of t?
2
Let u(m) = -1316*m + 505. What is the units digit of u(-18)?
3
Suppose -s = -2*f + 2, 0 - 1 = -f. Let o(v) = -v**2 + 11*v + 2. Let k be o(11). Suppose s*w + 186 = 3*w + 3*r, -4*w + 252 = k*r. What is the tens digit of w?
6
Let m be (-17)/(170/(-1320))*(-1)/(-2). Suppose 2*w + 6*t = 7*t + m, 0 = -5*t. What is the units digit of w?
3
Let w(i) = 109*i + 11. Suppose p + 4 = -p. Let l be w(p). Let b = -137 - l. What is the tens digit of b?
7
Let k = -582 + 948. Let s = k + -264. What is the hundreds digit of s?
1
Suppose -8*x + 17887 = -3016 - 7089. What is the thousands digit of x?
3
What is the units digit of (54/(-189))/(0 + 80968/80969 + -1)?
4
Suppose -5*j + 18*j = -6*j + 23465. What is the hundreds digit of j?
2
Suppose b - 2*j - 477 = 402, -4382 = -5*b - 3*j. Let t = b - 259. What is the units digit of t?
8
Suppose -2*u + 13*u = 66. Let v(n) = -n - 1. Let d(y) = -y - 28. Let k(r) = u*v(r) - d(r). What is the units digit of k(-9)?
7
Let z = -63 - -119. Suppose -z - 1752 = -8*l. What is the hundreds digit of l?
2
Suppose 4*k + 44 = 5*h, -3*h + 4*k = -k - 29. What is the tens digit of 183*h/(-36)*(-7 - -1)?
4
What is the units digit of 26276 - (2 - 6/5)/(36/(-180))?
0
Suppose x = 3*p - p + 25, 3*x + 3*p - 30 = 0. Suppose -5*g + 4040 = -x*g. What is the tens digit of g/(-8 - -4) + -2?
9
Suppose 5*l + f = -6429, -l = 2*f + 863 + 430. Let a = 2075 + l. What is the units digit of a?
0
What is the ten thousands digit of 41821500/660 - (-5)/((-55)/(-1))?
6
Let d(f) = f**2 + 21*f + 31. Let h be d(-21). Let b = 29 - h. What is the units digit of (-4 - 1503/(-12)) + b/8?
1
Suppose 0 = 65*i - 63*i - 408. Let a = i - 27. What is the tens digit of a?
7
Let i(j) = -63*j + 11867. What is the ten thousands digit of i(-38)?
1
Suppose 3*a + 3 = 2*c, 4*a - 3*c = -0 - 3. What is the units digit of 2 + ((-5130)/(-6) - a)?
0
Let u(p) = -82*p - 6. Let t be u(-1). Let l = 343 + t. What is the tens digit of l?
1
Let n = -21 - -24. Suppose -2 = -n*c + 1, -2*h + 4*c = -258. Let k = h - 51. What is the units digit of k?
0
Let u be (-24)/((-624)/65) - (-8262)/(-4). Let d = u - -3131. What is the units digit of d?
8
Let l be (-5)/1*1*26/(-65). Let j(t) = 86*t**2 - 10*t + 19. What is the tens digit of j(l)?
4
Let b = -12620 + 22522. What is the tens digit of b?
0
Suppose 15*o = 10*o + 185. Suppose -464 = o*d - 5718. What is the tens digit of d?
4
Let n(w) be the first derivative of -w**3/3 + 17*w**2/2 + 42*w - 7. Let z be n(17). Suppose -z = o - 242. What is the hundreds digit of o?
2
Suppose 0 = -z - 162 - 413. Let r = 1021 + z. What is the tens digit of r?
4
Let q(y) = -y**3 + 68*y**2 + 140*y - 236. What is the tens digit of q(57)?
8
Suppose -134 = -2*n - 5*m, -57*n + 56*n = -4*m - 93. Suppose 78*c - 1385 = n*c. What is the thousands digit of c?
1
Suppose 38*y - 673670 = -63*y. What is the thousands digit of y?
6
Let g = 14 + -28. What is the tens digit of g/(-49) - (-4645)/35?
3
Suppose -5*p = -2*s - 55329, 44280 = -5*p + 9*p + 4*s. What is the thousands digit of p?
1
Let s be -2 + (-5)/((-30)/4332). Suppose 0 = -p - 4*g + 9, -p + 2*g = -4*p + 17. Suppose 0*k - p*k = -s. What is the tens digit of k?
4
Let g = 69 - 47. Let v(f) = g + 124*f - 65*f - 67*f. What is the tens digit of v(-8)?
8
Suppose -12*g + 6926 = -7642. Suppose 5*f - 956 = g. What is the tens digit of f?
3
Suppose 20*n = 278790 + 877191 - 45901. What is the ten thousands digit of n?
5
Let w(g) = -8*g**3 - 7*g**2 + 2*g + 32. What is the hundreds digit of w(-4)?
4
Suppose -58287 = -4*b - 3*a, -53*b = -58*b - 4*a + 72857. What is the thousands digit of b?
4
Suppose 0 = 5*j + 132*g - 130*g - 64393, 2*j + g - 25757 = 0. What is the tens digit of j?
7
Let r = -23338 + 61843. What is the units digit of r?
5
Let k = 151 - 149. Suppose h - 85 = -3*f, 4*h + 4*f - 162 = k*h. What is the units digit of h?
3
Let v = -1653 - -10805. What is the thousands digit of v?
9
Let c(f) = -113*f + 53. Let o be c(-4). Let m = -305 + o. What is the tens digit of m?
0
Let o = 348 + -340. What is the tens digit of (o/6)/((-3724)/1863 - -2)?
4
What is the units digit of (39952/55)/((-18)/(-180))?
4
Suppose -4 = -2*c - 